144.76.32.120 - - [13/May/2026:01:13:01 +0000] "GET /buy.php?shopbrand/patch/163014211.htm HTTP/1.1" 200 154843 "-" "Mozilla/5.0 (compatible; SERankingBacklinksBot/1.0; +https://seranking.com/backlinks-crawler)"
144.76.32.120 - - [13/May/2026:01:13:21 +0000] "GET /buy.php?shopbrand/pause/114023162.htm HTTP/1.1" 200 158678 "-" "Mozilla/5.0 (compatible; SERankingBacklinksBot/1.0; +https://seranking.com/backlinks-crawler)"
144.76.32.120 - - [13/May/2026:01:13:40 +0000] "GET /buy.php?shopbrand/peace/004021944.htm HTTP/1.1" 200 154397 "-" "Mozilla/5.0 (compatible; SERankingBacklinksBot/1.0; +https://seranking.com/backlinks-crawler)"
144.76.32.120 - - [13/May/2026:01:14:01 +0000] "GET /buy.php?shopbrand/pilot/123023767.htm HTTP/1.1" 200 153373 "-" "Mozilla/5.0 (compatible; SERankingBacklinksBot/1.0; +https://seranking.com/backlinks-crawler)"
144.76.32.120 - - [13/May/2026:01:14:23 +0000] "GET /buy.php?shopbrand/technological/198039656.htm HTTP/1.1" 200 157652 "-" "Mozilla/5.0 (compatible; SERankingBacklinksBot/1.0; +https://seranking.com/backlinks-crawler)"
144.76.32.120 - - [13/May/2026:01:14:42 +0000] "GET /buy.php?shopbrand/power/181020461.htm HTTP/1.1" 200 162970 "-" "Mozilla/5.0 (compatible; SERankingBacklinksBot/1.0; +https://seranking.com/backlinks-crawler)"
144.76.32.120 - - [13/May/2026:01:15:06 +0000] "GET /buy.php?shopbrand/price/032019238.htm HTTP/1.1" 200 167831 "-" "Mozilla/5.0 (compatible; SERankingBacklinksBot/1.0; +https://seranking.com/backlinks-crawler)"
144.76.32.120 - - [13/May/2026:01:15:25 +0000] "GET /buy.php?shopbrand/prize/109012339.htm HTTP/1.1" 200 161425 "-" "Mozilla/5.0 (compatible; SERankingBacklinksBot/1.0; +https://seranking.com/backlinks-crawler)"
144.76.32.120 - - [13/May/2026:01:15:45 +0000] "GET /buy.php?shopbrand/prove/206004630.htm HTTP/1.1" 200 158140 "-" "Mozilla/5.0 (compatible; SERankingBacklinksBot/1.0; +https://seranking.com/backlinks-crawler)"
144.76.32.120 - - [13/May/2026:01:16:05 +0000] "GET /buy.php?shopbrand/purse/173017521.htm HTTP/1.1" 200 142678 "-" "Mozilla/5.0 (compatible; SERankingBacklinksBot/1.0; +https://seranking.com/backlinks-crawler)"
144.76.32.120 - - [13/May/2026:01:16:24 +0000] "GET /buy.php?shopbrand/radio/257048963.htm HTTP/1.1" 200 134902 "-" "Mozilla/5.0 (compatible; SERankingBacklinksBot/1.0; +https://seranking.com/backlinks-crawler)"
144.76.32.120 - - [13/May/2026:01:16:44 +0000] "GET /buy.php?shopbrand/rally/101016311.htm HTTP/1.1" 200 157728 "-" "Mozilla/5.0 (compatible; SERankingBacklinksBot/1.0; +https://seranking.com/backlinks-crawler)"
144.76.32.120 - - [13/May/2026:01:17:03 +0000] "GET /buy.php?shopbrand/rapid/080012310.htm HTTP/1.1" 200 136026 "-" "Mozilla/5.0 (compatible; SERankingBacklinksBot/1.0; +https://seranking.com/backlinks-crawler)"
144.76.32.120 - - [13/May/2026:01:17:23 +0000] "GET /buy.php?shopbrand/react/082009464.htm HTTP/1.1" 200 154809 "-" "Mozilla/5.0 (compatible; SERankingBacklinksBot/1.0; +https://seranking.com/backlinks-crawler)"
144.76.32.120 - - [13/May/2026:01:17:43 +0000] "GET /buy.php?shopbrand/realm/077020033.htm HTTP/1.1" 200 139160 "-" "Mozilla/5.0 (compatible; SERankingBacklinksBot/1.0; +https://seranking.com/backlinks-crawler)"
144.76.32.120 - - [13/May/2026:01:18:03 +0000] "GET /buy.php?shopbrand/realm/166044774.htm HTTP/1.1" 200 156822 "-" "Mozilla/5.0 (compatible; SERankingBacklinksBot/1.0; +https://seranking.com/backlinks-crawler)"
144.76.32.120 - - [13/May/2026:01:18:22 +0000] "GET /buy.php?shopbrand/refer/082013656.htm HTTP/1.1" 200 158080 "-" "Mozilla/5.0 (compatible; SERankingBacklinksBot/1.0; +https://seranking.com/backlinks-crawler)"
144.76.32.120 - - [13/May/2026:01:18:41 +0000] "GET /buy.php?shopbrand/refer/264025692.htm HTTP/1.1" 200 165837 "-" "Mozilla/5.0 (compatible; SERankingBacklinksBot/1.0; +https://seranking.com/backlinks-crawler)"
144.76.32.120 - - [13/May/2026:01:19:05 +0000] "GET /buy.php?shopbrand/ridge/182043260.htm HTTP/1.1" 200 155931 "-" "Mozilla/5.0 (compatible; SERankingBacklinksBot/1.0; +https://seranking.com/backlinks-crawler)"
144.76.32.120 - - [13/May/2026:01:19:26 +0000] "GET /buy.php?shopbrand/right/060020182.htm HTTP/1.1" 200 158428 "-" "Mozilla/5.0 (compatible; SERankingBacklinksBot/1.0; +https://seranking.com/backlinks-crawler)"
144.76.32.120 - - [13/May/2026:01:19:46 +0000] "GET /buy.php?shopbrand/robot/109006063.htm HTTP/1.1" 200 162710 "-" "Mozilla/5.0 (compatible; SERankingBacklinksBot/1.0; +https://seranking.com/backlinks-crawler)"
144.76.32.120 - - [13/May/2026:01:20:06 +0000] "GET /buy.php?shopbrand/rough/077039665.htm HTTP/1.1" 200 140090 "-" "Mozilla/5.0 (compatible; SERankingBacklinksBot/1.0; +https://seranking.com/backlinks-crawler)"
144.76.32.120 - - [13/May/2026:01:20:27 +0000] "GET /buy.php?shopbrand/rough/136009828.htm HTTP/1.1" 200 15 "-" "Mozilla/5.0 (compatible; SERankingBacklinksBot/1.0; +https://seranking.com/backlinks-crawler)"
204.12.208.18 - - [13/May/2026:01:22:44 +0000] "GET /wp-content/qqec36f7/edit.php HTTP/1.1" 200 - "http://dca-ksa.com/wp-content/qqec36f7/edit.php" "Mozilla/4.0 (compatible; MSIE 7.0; Windows NT 5.1; SV1; .NET CLR 1.1.4322; .NET CLR 2.0.50727; InfoPath.1)"
204.12.208.18 - - [13/May/2026:01:53:27 +0000] "GET /wp-content/qqec36f7/edit.php HTTP/1.1" 200 - "http://dca-ksa.com/wp-content/qqec36f7/edit.php" "Mozilla/5.0 (Windows NT 6.1; WOW64) AppleWebKit/535.7 (KHTML, like Gecko) Chrome/16.0.912.75 Safari/535.7"
204.12.208.18 - - [13/May/2026:02:26:10 +0000] "GET /wp-content/qqec36f7/edit.php HTTP/1.1" 200 - "http://dca-ksa.com/wp-content/qqec36f7/edit.php" "Mozilla/4.0 (compatible; MSIE 7.0; Windows NT 5.1; SV1; .NET CLR 1.0.3705; .NET CLR 2.0.50727; .NET CLR 1.1.4322)"
216.73.217.15 - - [13/May/2026:02:35:00 +0000] "GET /robots.txt HTTP/1.1" 200 339 "-" "Mozilla/5.0 AppleWebKit/537.36 (KHTML, like Gecko; compatible; ClaudeBot/1.0; +claudebot@anthropic.com)"
216.73.217.15 - - [13/May/2026:02:35:00 +0000] "GET / HTTP/1.1" 200 - "-" "Mozilla/5.0 AppleWebKit/537.36 (KHTML, like Gecko; compatible; ClaudeBot/1.0; +claudebot@anthropic.com)"
51.89.129.54 - - [13/May/2026:02:36:57 +0000] "GET /?sitemap184.xml HTTP/1.1" 200 1 "-" "Mozilla/5.0 (compatible; AhrefsBot/7.0; +http://ahrefs.com/robot/)"
66.249.74.6 - - [13/May/2026:02:38:51 +0000] "GET /goodscode/4123048852 HTTP/1.1" 200 1 "-" "Mozilla/5.0 (Linux; Android 6.0.1; Nexus 5X Build/MMB29P) AppleWebKit/537.36 (KHTML, like Gecko) Chrome/147.0.7727.137 Mobile Safari/537.36 (compatible; Googlebot/2.1; +http://www.google.com/bot.html)"
216.73.217.15 - - [13/May/2026:02:38:56 +0000] "GET /buy.php HTTP/1.1" 200 163734 "-" "Mozilla/5.0 AppleWebKit/537.36 (KHTML, like Gecko; compatible; ClaudeBot/1.0; +claudebot@anthropic.com)"
198.244.226.2 - - [13/May/2026:02:42:43 +0000] "GET /?sitemap597.xml HTTP/1.1" 200 1 "-" "Mozilla/5.0 (compatible; AhrefsBot/7.0; +http://ahrefs.com/robot/)"
204.12.208.18 - - [13/May/2026:02:58:07 +0000] "GET /wp-content/qqec36f7/edit.php HTTP/1.1" 200 - "http://dca-ksa.com/wp-content/qqec36f7/edit.php" "Mozilla/5.0 (Windows NT 6.1; WOW64) AppleWebKit/535.1 (KHTML, like Gecko) Chrome/14.0.835.202 Safari/535.1"
84.46.251.28 - - [13/May/2026:03:20:54 +0000] "GET /wp-content/plugins/shell/about.php HTTP/1.1" 200 1 "www.google.com" "Mozlila/5.0 (Linux; Android 7.0; SM-G892A Bulid/NRD90M; wv) AppleWebKit/537.36 (KHTML, like Gecko) Version/4.0 Chrome/60.0.3112.107 Moblie Safari/537.36"
84.46.251.28 - - [13/May/2026:03:20:59 +0000] "GET /wp-content/plugins/fix/up.php HTTP/1.1" 200 1 "www.google.com" "Mozlila/5.0 (Linux; Android 7.0; SM-G892A Bulid/NRD90M; wv) AppleWebKit/537.36 (KHTML, like Gecko) Version/4.0 Chrome/60.0.3112.107 Moblie Safari/537.36"
84.46.251.28 - - [13/May/2026:03:21:06 +0000] "GET /wp-content/plugins/wp-help/mini.php HTTP/1.1" 200 1 "www.google.com" "Mozlila/5.0 (Linux; Android 7.0; SM-G892A Bulid/NRD90M; wv) AppleWebKit/537.36 (KHTML, like Gecko) Version/4.0 Chrome/60.0.3112.107 Moblie Safari/537.36"
204.12.208.18 - - [13/May/2026:03:29:22 +0000] "GET /wp-content/qqec36f7/edit.php HTTP/1.1" 200 - "http://dca-ksa.com/wp-content/qqec36f7/edit.php" "Mozilla/5.0 (Macintosh; Intel Mac OS X 10_6_8) AppleWebKit/534.30 (KHTML, like Gecko) Chrome/12.0.742.112 Safari/534.30"
57.141.20.33 - - [13/May/2026:03:37:46 +0000] "GET /ourwork/%d8%b9%d9%86%d9%88%d8%a7%d9%86-%d8%a7%d9%84%d8%b9%d9%85%d9%84-%d8%aa%d9%88%d8%b6%d8%b9-%d9%87%d9%86%d8%a7-1-4-1-1-1-1/ HTTP/1.1" 200 - "-" "meta-externalagent/1.1 (+https://developers.facebook.com/docs/sharing/webmasters/crawler)"
37.60.233.201 - - [13/May/2026:03:41:00 +0000] "GET /.well-known/acme-challenge/8LJAZMYCGMC_KK2MNHF_7ADB1O81IS82 HTTP/1.1" 200 64 "-" "Cpanel-HTTP-Client/1.0"
37.60.233.201 - - [13/May/2026:03:41:00 +0000] "GET /.well-known/acme-challenge/EB_K2GSYRBGXK1P_TQEWS5DZ0MV0VVB7 HTTP/1.1" 200 64 "-" "Cpanel-HTTP-Client/1.0"
37.60.233.201 - - [13/May/2026:03:41:00 +0000] "GET /.well-known/acme-challenge/7DN5KAAT1A2K_IV97BM-H8ZC5IOSC0T7 HTTP/1.1" 200 64 "-" "Cpanel-HTTP-Client/1.0"
37.60.233.201 - - [13/May/2026:03:41:00 +0000] "GET /.well-known/acme-challenge/H6N0B4YP9070UG3SE2D2847A37KXFLME HTTP/1.1" 200 64 "-" "Cpanel-HTTP-Client/1.0"
144.76.32.120 - - [13/May/2026:03:53:03 +0000] "GET /buy.php?shopbrand/rural/111005633.htm HTTP/1.1" 200 152698 "-" "Mozilla/5.0 (compatible; SERankingBacklinksBot/1.0; +https://seranking.com/backlinks-crawler)"
144.76.32.120 - - [13/May/2026:03:53:23 +0000] "GET /buy.php?shopbrand/sales/197013571.htm HTTP/1.1" 200 156981 "-" "Mozilla/5.0 (compatible; SERankingBacklinksBot/1.0; +https://seranking.com/backlinks-crawler)"
144.76.32.120 - - [13/May/2026:03:53:43 +0000] "GET /buy.php?shopbrand/scale/128025086.htm HTTP/1.1" 200 158304 "-" "Mozilla/5.0 (compatible; SERankingBacklinksBot/1.0; +https://seranking.com/backlinks-crawler)"
144.76.32.120 - - [13/May/2026:03:54:02 +0000] "GET /buy.php?shopbrand/scale/233025901.htm HTTP/1.1" 200 149574 "-" "Mozilla/5.0 (compatible; SERankingBacklinksBot/1.0; +https://seranking.com/backlinks-crawler)"
144.76.32.120 - - [13/May/2026:03:54:23 +0000] "GET /buy.php?shopbrand/scare/035004909.htm HTTP/1.1" 200 153678 "-" "Mozilla/5.0 (compatible; SERankingBacklinksBot/1.0; +https://seranking.com/backlinks-crawler)"
144.76.32.120 - - [13/May/2026:03:54:44 +0000] "GET /buy.php?shopbrand/scent/183008333.htm HTTP/1.1" 200 162756 "-" "Mozilla/5.0 (compatible; SERankingBacklinksBot/1.0; +https://seranking.com/backlinks-crawler)"
144.76.32.120 - - [13/May/2026:03:55:03 +0000] "GET /buy.php?shopbrand/shame/163033821.htm HTTP/1.1" 200 155171 "-" "Mozilla/5.0 (compatible; SERankingBacklinksBot/1.0; +https://seranking.com/backlinks-crawler)"
144.76.32.120 - - [13/May/2026:03:55:24 +0000] "GET /buy.php?shopbrand/shame/165033601.htm HTTP/1.1" 200 159698 "-" "Mozilla/5.0 (compatible; SERankingBacklinksBot/1.0; +https://seranking.com/backlinks-crawler)"
144.76.32.120 - - [13/May/2026:03:55:47 +0000] "GET /buy.php?shopbrand/shape/129033805.htm HTTP/1.1" 200 153296 "-" "Mozilla/5.0 (compatible; SERankingBacklinksBot/1.0; +https://seranking.com/backlinks-crawler)"
144.76.32.120 - - [13/May/2026:03:56:07 +0000] "GET /buy.php?shopbrand/share/011033655.htm HTTP/1.1" 200 147496 "-" "Mozilla/5.0 (compatible; SERankingBacklinksBot/1.0; +https://seranking.com/backlinks-crawler)"
144.76.32.120 - - [13/May/2026:03:56:29 +0000] "GET /buy.php?shopbrand/traditionally/117044451.htm HTTP/1.1" 200 155614 "-" "Mozilla/5.0 (compatible; SERankingBacklinksBot/1.0; +https://seranking.com/backlinks-crawler)"
144.76.32.120 - - [13/May/2026:03:56:49 +0000] "GET /buy.php?shopbrand/rough/136009828.htm HTTP/1.1" 200 139291 "-" "Mozilla/5.0 (compatible; SERankingBacklinksBot/1.0; +https://seranking.com/backlinks-crawler)"
144.76.32.120 - - [13/May/2026:03:57:09 +0000] "GET /buy.php?shopbrand/sheer/043003469.htm HTTP/1.1" 200 15 "-" "Mozilla/5.0 (compatible; SERankingBacklinksBot/1.0; +https://seranking.com/backlinks-crawler)"
204.12.208.18 - - [13/May/2026:04:00:36 +0000] "GET /wp-content/qqec36f7/edit.php HTTP/1.1" 200 - "http://dca-ksa.com/wp-content/qqec36f7/edit.php" "Mozilla/4.0 (compatible; MSIE 6.0; X11; Linux i686; ja) Opera 10.10"
198.244.183.39 - - [13/May/2026:04:01:42 +0000] "GET /?sitemap184.xml HTTP/1.1" 200 1 "-" "Mozilla/5.0 (compatible; AhrefsBot/7.0; +http://ahrefs.com/robot/)"
51.89.129.124 - - [13/May/2026:04:07:42 +0000] "GET /?sitemap597.xml HTTP/1.1" 200 1 "-" "Mozilla/5.0 (compatible; AhrefsBot/7.0; +http://ahrefs.com/robot/)"
35.92.148.104 - - [13/May/2026:04:24:17 +0000] "GET / HTTP/1.1" 200 - "-" "Mozilla/5.0 (Windows NT 10.0; Win64; x64) AppleWebKit/537.36 (KHTML, like Gecko) Chrome/113.0.0.0 Safari/537.36"
51.68.236.114 - - [13/May/2026:04:28:26 +0000] "GET /robots.txt HTTP/1.1" 200 339 "-" "Mozilla/5.0 (compatible; MJ12bot/v2.0.5; http://mj12bot.com/)"
51.68.236.114 - - [13/May/2026:04:28:26 +0000] "GET / HTTP/1.1" 200 - "-" "Mozilla/5.0 (compatible; MJ12bot/v2.0.5; http://mj12bot.com/)"
43.164.192.151 - - [13/May/2026:04:28:50 +0000] "GET / HTTP/1.1" 200 - "-" "Mozilla/5.0 (iPhone; CPU iPhone OS 13_2_3 like Mac OS X) AppleWebKit/605.1.15 (KHTML, like Gecko) Version/13.0.3 Mobile/15E148 Safari/604.1"
43.157.38.228 - - [13/May/2026:04:32:26 +0000] "GET / HTTP/1.1" 200 - "-" "Mozilla/5.0 (iPhone; CPU iPhone OS 13_2_3 like Mac OS X) AppleWebKit/605.1.15 (KHTML, like Gecko) Version/13.0.3 Mobile/15E148 Safari/604.1"
204.12.208.18 - - [13/May/2026:04:32:30 +0000] "GET /wp-content/qqec36f7/edit.php HTTP/1.1" 200 - "http://dca-ksa.com/wp-content/qqec36f7/edit.php" "Mozilla/5.0 (Macintosh; Intel Mac OS X 10_6_8) AppleWebKit/535.7 (KHTML, like Gecko) Chrome/16.0.912.75 Safari/535.7"
66.249.74.7 - - [13/May/2026:04:33:12 +0000] "GET /goodscode/229276188 HTTP/1.1" 200 1 "-" "Mozilla/5.0 (Linux; Android 6.0.1; Nexus 5X Build/MMB29P) AppleWebKit/537.36 (KHTML, like Gecko) Chrome/147.0.7727.137 Mobile Safari/537.36 (compatible; Googlebot/2.1; +http://www.google.com/bot.html)"
216.73.217.15 - - [13/May/2026:04:34:38 +0000] "GET /robots.txt HTTP/1.1" 200 339 "-" "Mozilla/5.0 AppleWebKit/537.36 (KHTML, like Gecko; compatible; ClaudeBot/1.0; +claudebot@anthropic.com)"
216.73.217.15 - - [13/May/2026:04:34:38 +0000] "GET / HTTP/1.1" 200 - "-" "Mozilla/5.0 AppleWebKit/537.36 (KHTML, like Gecko; compatible; ClaudeBot/1.0; +claudebot@anthropic.com)"
216.73.217.15 - - [13/May/2026:04:35:34 +0000] "GET /buy.php HTTP/1.1" 200 166225 "-" "Mozilla/5.0 AppleWebKit/537.36 (KHTML, like Gecko; compatible; ClaudeBot/1.0; +claudebot@anthropic.com)"
57.141.20.55 - - [13/May/2026:04:39:26 +0000] "GET /wp-sitemap-posts-page-1.xml HTTP/1.1" 200 1 "-" "meta-externalagent/1.1 (+https://developers.facebook.com/docs/sharing/webmasters/crawler)"
216.73.217.15 - - [13/May/2026:04:41:39 +0000] "GET / HTTP/1.1" 200 - "-" "Mozilla/5.0 AppleWebKit/537.36 (KHTML, like Gecko; compatible; ClaudeBot/1.0; +claudebot@anthropic.com)"
216.73.217.15 - - [13/May/2026:04:43:42 +0000] "GET / HTTP/1.1" 200 - "-" "Mozilla/5.0 AppleWebKit/537.36 (KHTML, like Gecko; compatible; ClaudeBot/1.0; +claudebot@anthropic.com)"
143.244.57.92 - - [13/May/2026:04:56:07 +0000] "GET / HTTP/1.1" 200 - "-" "Mozilla/5.0 (Windows NT 10.0; Win64; x64) AppleWebKit/537.36 (KHTML, like Gecko) Chrome/78.0.3904.108 Safari/537.36"
143.244.57.92 - - [13/May/2026:04:56:08 +0000] "GET / HTTP/1.1" 200 - "-" "Mozilla/5.0 (Windows NT 10.0; Win64; x64) AppleWebKit/537.36 (KHTML, like Gecko) Chrome/78.0.3904.108 Safari/537.36"
143.244.57.92 - - [13/May/2026:04:56:08 +0000] "GET /wp-includes/wlwmanifest.xml HTTP/1.1" 200 - "-" "Mozilla/5.0 (Windows NT 10.0; Win64; x64) AppleWebKit/537.36 (KHTML, like Gecko) Chrome/78.0.3904.108 Safari/537.36"
143.244.57.92 - - [13/May/2026:04:56:08 +0000] "GET /xmlrpc.php?rsd HTTP/1.1" 403 - "-" "Mozilla/5.0 (Windows NT 10.0; Win64; x64) AppleWebKit/537.36 (KHTML, like Gecko) Chrome/78.0.3904.108 Safari/537.36"
143.244.57.92 - - [13/May/2026:04:56:08 +0000] "GET / HTTP/1.1" 200 - "-" "Mozilla/5.0 (Windows NT 10.0; Win64; x64) AppleWebKit/537.36 (KHTML, like Gecko) Chrome/78.0.3904.108 Safari/537.36"
143.244.57.92 - - [13/May/2026:04:56:08 +0000] "GET /blog/wp-includes/wlwmanifest.xml HTTP/1.1" 200 - "-" "Mozilla/5.0 (Windows NT 10.0; Win64; x64) AppleWebKit/537.36 (KHTML, like Gecko) Chrome/78.0.3904.108 Safari/537.36"
143.244.57.92 - - [13/May/2026:04:56:08 +0000] "GET /web/wp-includes/wlwmanifest.xml HTTP/1.1" 200 - "-" "Mozilla/5.0 (Windows NT 10.0; Win64; x64) AppleWebKit/537.36 (KHTML, like Gecko) Chrome/78.0.3904.108 Safari/537.36"
143.244.57.92 - - [13/May/2026:04:56:09 +0000] "GET /wordpress/wp-includes/wlwmanifest.xml HTTP/1.1" 200 - "-" "Mozilla/5.0 (Windows NT 10.0; Win64; x64) AppleWebKit/537.36 (KHTML, like Gecko) Chrome/78.0.3904.108 Safari/537.36"
143.244.57.92 - - [13/May/2026:04:56:09 +0000] "GET /website/wp-includes/wlwmanifest.xml HTTP/1.1" 200 - "-" "Mozilla/5.0 (Windows NT 10.0; Win64; x64) AppleWebKit/537.36 (KHTML, like Gecko) Chrome/78.0.3904.108 Safari/537.36"
143.244.57.92 - - [13/May/2026:04:56:09 +0000] "GET /wp/wp-includes/wlwmanifest.xml HTTP/1.1" 200 - "-" "Mozilla/5.0 (Windows NT 10.0; Win64; x64) AppleWebKit/537.36 (KHTML, like Gecko) Chrome/78.0.3904.108 Safari/537.36"
143.244.57.92 - - [13/May/2026:04:56:10 +0000] "GET /news/wp-includes/wlwmanifest.xml HTTP/1.1" 200 - "-" "Mozilla/5.0 (Windows NT 10.0; Win64; x64) AppleWebKit/537.36 (KHTML, like Gecko) Chrome/78.0.3904.108 Safari/537.36"
143.244.57.92 - - [13/May/2026:04:56:10 +0000] "GET /2018/wp-includes/wlwmanifest.xml HTTP/1.1" 200 - "-" "Mozilla/5.0 (Windows NT 10.0; Win64; x64) AppleWebKit/537.36 (KHTML, like Gecko) Chrome/78.0.3904.108 Safari/537.36"
143.244.57.92 - - [13/May/2026:04:56:10 +0000] "GET /2019/wp-includes/wlwmanifest.xml HTTP/1.1" 200 - "-" "Mozilla/5.0 (Windows NT 10.0; Win64; x64) AppleWebKit/537.36 (KHTML, like Gecko) Chrome/78.0.3904.108 Safari/537.36"
143.244.57.92 - - [13/May/2026:04:56:10 +0000] "GET /shop/wp-includes/wlwmanifest.xml HTTP/1.1" 200 - "-" "Mozilla/5.0 (Windows NT 10.0; Win64; x64) AppleWebKit/537.36 (KHTML, like Gecko) Chrome/78.0.3904.108 Safari/537.36"
143.244.57.92 - - [13/May/2026:04:56:10 +0000] "GET /wp1/wp-includes/wlwmanifest.xml HTTP/1.1" 200 - "-" "Mozilla/5.0 (Windows NT 10.0; Win64; x64) AppleWebKit/537.36 (KHTML, like Gecko) Chrome/78.0.3904.108 Safari/537.36"
143.244.57.92 - - [13/May/2026:04:56:10 +0000] "GET /test/wp-includes/wlwmanifest.xml HTTP/1.1" 200 - "-" "Mozilla/5.0 (Windows NT 10.0; Win64; x64) AppleWebKit/537.36 (KHTML, like Gecko) Chrome/78.0.3904.108 Safari/537.36"
143.244.57.92 - - [13/May/2026:04:56:11 +0000] "GET /media/wp-includes/wlwmanifest.xml HTTP/1.1" 200 - "-" "Mozilla/5.0 (Windows NT 10.0; Win64; x64) AppleWebKit/537.36 (KHTML, like Gecko) Chrome/78.0.3904.108 Safari/537.36"
143.244.57.92 - - [13/May/2026:04:56:11 +0000] "GET /wp2/wp-includes/wlwmanifest.xml HTTP/1.1" 200 - "-" "Mozilla/5.0 (Windows NT 10.0; Win64; x64) AppleWebKit/537.36 (KHTML, like Gecko) Chrome/78.0.3904.108 Safari/537.36"
143.244.57.92 - - [13/May/2026:04:56:11 +0000] "GET /site/wp-includes/wlwmanifest.xml HTTP/1.1" 200 - "-" "Mozilla/5.0 (Windows NT 10.0; Win64; x64) AppleWebKit/537.36 (KHTML, like Gecko) Chrome/78.0.3904.108 Safari/537.36"
143.244.57.92 - - [13/May/2026:04:56:11 +0000] "GET /cms/wp-includes/wlwmanifest.xml HTTP/1.1" 200 - "-" "Mozilla/5.0 (Windows NT 10.0; Win64; x64) AppleWebKit/537.36 (KHTML, like Gecko) Chrome/78.0.3904.108 Safari/537.36"
143.244.57.92 - - [13/May/2026:04:56:11 +0000] "GET /sito/wp-includes/wlwmanifest.xml HTTP/1.1" 200 - "-" "Mozilla/5.0 (Windows NT 10.0; Win64; x64) AppleWebKit/537.36 (KHTML, like Gecko) Chrome/78.0.3904.108 Safari/537.36"
204.12.208.18 - - [13/May/2026:05:03:15 +0000] "GET /wp-content/qqec36f7/edit.php HTTP/1.1" 200 - "http://dca-ksa.com/wp-content/qqec36f7/edit.php" "Mozilla/5.0 (Macintosh; Intel Mac OS X 10.7; rv:7.0.1) Gecko/20100101 Firefox/7.0.1"
173.252.82.23 - - [13/May/2026:05:03:36 +0000] "GET /robots.txt HTTP/1.1" 206 339 "-" "facebookexternalhit/1.1 (+http://www.facebook.com/externalhit_uatext.php)"
47.76.166.185 - - [13/May/2026:05:17:15 +0000] "GET / HTTP/1.1" 200 1 "-" "Mozilla/5.0 (compatible; Baiduspider/2.0; +http://www.baidu.com/search/spider.html)"
213.173.109.12 - - [13/May/2026:05:32:03 +0000] "GET /wp-content/uploads/2024/03/DCA-PNG2-copy-3.jpg HTTP/1.1" 200 21941 "-" "ris-bot/1.0 (+https://ris.local/bot)"
213.173.109.12 - - [13/May/2026:05:32:04 +0000] "GET /wp-content/plugins/sitepress-multilingual-cms/res/flags/ar.png HTTP/1.1" 200 474 "-" "ris-bot/1.0 (+https://ris.local/bot)"
213.173.109.12 - - [13/May/2026:05:32:04 +0000] "GET /wp-content/uploads/2025/07/Screenshot-2025-07-09-120203.png HTTP/1.1" 200 286387 "-" "ris-bot/1.0 (+https://ris.local/bot)"
51.195.244.176 - - [13/May/2026:05:33:10 +0000] "GET /?sitemap184.xml HTTP/1.1" 200 1 "-" "Mozilla/5.0 (compatible; AhrefsBot/7.0; +http://ahrefs.com/robot/)"
204.12.208.18 - - [13/May/2026:05:35:30 +0000] "GET /wp-content/qqec36f7/edit.php HTTP/1.1" 200 - "http://dca-ksa.com/wp-content/qqec36f7/edit.php" "Mozilla/4.0 (compatible; MSIE 7.0; Windows NT 5.1; SV1; .NET CLR 1.1.4322)"
198.244.226.115 - - [13/May/2026:05:39:49 +0000] "GET /?sitemap597.xml HTTP/1.1" 200 1 "-" "Mozilla/5.0 (compatible; AhrefsBot/7.0; +http://ahrefs.com/robot/)"
57.141.20.62 - - [13/May/2026:05:47:15 +0000] "GET /wp-sitemap.xml HTTP/1.1" 200 1 "-" "meta-externalagent/1.1 (+https://developers.facebook.com/docs/sharing/webmasters/crawler)"
204.12.208.18 - - [13/May/2026:06:07:34 +0000] "GET /wp-content/qqec36f7/edit.php HTTP/1.1" 200 - "http://dca-ksa.com/wp-content/qqec36f7/edit.php" "Mozilla/5.0 (Windows NT 5.1; rv:6.0) Gecko/20100101 Firefox/6.0"
216.73.217.15 - - [13/May/2026:06:36:39 +0000] "GET /robots.txt HTTP/1.1" 200 339 "-" "Mozilla/5.0 AppleWebKit/537.36 (KHTML, like Gecko; compatible; ClaudeBot/1.0; +claudebot@anthropic.com)"
216.73.217.15 - - [13/May/2026:06:36:40 +0000] "GET / HTTP/1.1" 200 - "-" "Mozilla/5.0 AppleWebKit/537.36 (KHTML, like Gecko; compatible; ClaudeBot/1.0; +claudebot@anthropic.com)"
204.12.208.18 - - [13/May/2026:06:38:57 +0000] "GET /wp-content/qqec36f7/edit.php HTTP/1.1" 200 - "http://dca-ksa.com/wp-content/qqec36f7/edit.php" "Mozilla/5.0 (compatible; MSIE 10.0; Windows NT 6.2; ARM; Trident/6.0)"
216.73.217.15 - - [13/May/2026:06:39:57 +0000] "GET /buy.php HTTP/1.1" 200 167357 "-" "Mozilla/5.0 AppleWebKit/537.36 (KHTML, like Gecko; compatible; ClaudeBot/1.0; +claudebot@anthropic.com)"
37.60.233.201 - - [13/May/2026:06:41:26 +0000] "GET /.well-known/acme-challenge/0O3II673QYOM8LUKQDB74SO0MW-ID_0R HTTP/1.1" 200 64 "-" "Cpanel-HTTP-Client/1.0"
37.60.233.201 - - [13/May/2026:06:41:26 +0000] "GET /.well-known/acme-challenge/D2VLHNTQ10S7H4DS9C19HFM6ILE880YP HTTP/1.1" 200 64 "-" "Cpanel-HTTP-Client/1.0"
37.60.233.201 - - [13/May/2026:06:41:26 +0000] "GET /.well-known/acme-challenge/_4DYEZ843VSEM4_537L7ZFDLRG4WZ_GR HTTP/1.1" 200 64 "-" "Cpanel-HTTP-Client/1.0"
37.60.233.201 - - [13/May/2026:06:41:27 +0000] "GET /.well-known/acme-challenge/8HQOE3YM2MD0IE1AW8S0IFHW7F64UKK0 HTTP/1.1" 200 64 "-" "Cpanel-HTTP-Client/1.0"
216.73.217.15 - - [13/May/2026:06:43:29 +0000] "GET / HTTP/1.1" 200 - "-" "Mozilla/5.0 AppleWebKit/537.36 (KHTML, like Gecko; compatible; ClaudeBot/1.0; +claudebot@anthropic.com)"
213.173.109.12 - - [13/May/2026:06:47:49 +0000] "GET /wp-content/plugins/sitepress-multilingual-cms/res/flags/ar.png HTTP/1.1" 200 474 "-" "ris-bot/1.0 (+https://ris.local/bot)"
213.173.109.12 - - [13/May/2026:06:47:49 +0000] "GET /wp-content/uploads/2024/03/DCA-PNG2-copy-3.jpg HTTP/1.1" 200 21941 "-" "ris-bot/1.0 (+https://ris.local/bot)"
213.173.109.12 - - [13/May/2026:06:47:49 +0000] "GET /wp-content/uploads/2019/07/Commercial_Water_Page.jpeg HTTP/1.1" 200 780346 "-" "ris-bot/1.0 (+https://ris.local/bot)"
51.89.129.84 - - [13/May/2026:07:03:37 +0000] "GET /?sitemap184.xml HTTP/1.1" 200 1 "-" "Mozilla/5.0 (compatible; AhrefsBot/7.0; +http://ahrefs.com/robot/)"
20.17.162.191 - - [13/May/2026:07:05:33 +0000] "GET /wp-admin/css/ HTTP/1.1" 200 19576 "binance.com" "Mozilla/5.0 (Windows NT 10.0; Win64; x64) AppleWebKit/537.36 (KHTML, like Gecko) Chrome/90.0.4430.85 Safari/537.36"
20.17.162.191 - - [13/May/2026:07:05:38 +0000] "GET /wp-content/uploads/2026/05/ HTTP/1.1" 200 - "binance.com" "Mozilla/5.0 (Windows NT 10.0; Win64; x64) AppleWebKit/537.36 (KHTML, like Gecko) Chrome/90.0.4430.85 Safari/537.36"
20.17.162.191 - - [13/May/2026:07:05:58 +0000] "GET /wp-content/uploads/2026/04/ HTTP/1.1" 200 - "binance.com" "Mozilla/5.0 (Windows NT 10.0; Win64; x64) AppleWebKit/537.36 (KHTML, like Gecko) Chrome/90.0.4430.85 Safari/537.36"
20.17.162.191 - - [13/May/2026:07:06:05 +0000] "GET /wp-content/uploads/ HTTP/1.1" 200 1033 "binance.com" "Mozilla/5.0 (Windows NT 10.0; Win64; x64) AppleWebKit/537.36 (KHTML, like Gecko) Chrome/90.0.4430.85 Safari/537.36"
20.17.162.191 - - [13/May/2026:07:06:14 +0000] "GET /wp-content/upgrade/ HTTP/1.1" 200 672 "binance.com" "Mozilla/5.0 (Windows NT 10.0; Win64; x64) AppleWebKit/537.36 (KHTML, like Gecko) Chrome/90.0.4430.85 Safari/537.36"
20.17.162.191 - - [13/May/2026:07:06:20 +0000] "GET /wp-content/languages/ HTTP/1.1" 200 15109 "binance.com" "Mozilla/5.0 (Windows NT 10.0; Win64; x64) AppleWebKit/537.36 (KHTML, like Gecko) Chrome/90.0.4430.85 Safari/537.36"
20.17.162.191 - - [13/May/2026:07:06:49 +0000] "GET /wp-admin/includes/ HTTP/1.1" 200 1927 "binance.com" "Mozilla/5.0 (Windows NT 10.0; Win64; x64) AppleWebKit/537.36 (KHTML, like Gecko) Chrome/90.0.4430.85 Safari/537.36"
20.17.162.191 - - [13/May/2026:07:06:55 +0000] "GET /wp-admin/includes/ HTTP/1.1" 200 1927 "binance.com" "Mozilla/5.0 (Windows NT 10.0; Win64; x64) AppleWebKit/537.36 (KHTML, like Gecko) Chrome/90.0.4430.85 Safari/537.36"
20.17.162.191 - - [13/May/2026:07:07:06 +0000] "GET /wp-admin/maint/ HTTP/1.1" 200 836 "binance.com" "Mozilla/5.0 (Windows NT 10.0; Win64; x64) AppleWebKit/537.36 (KHTML, like Gecko) Chrome/90.0.4430.85 Safari/537.36"
20.17.162.191 - - [13/May/2026:07:07:12 +0000] "GET /wp-admin/network/ HTTP/1.1" 500 - "binance.com" "Mozilla/5.0 (Windows NT 10.0; Win64; x64) AppleWebKit/537.36 (KHTML, like Gecko) Chrome/90.0.4430.85 Safari/537.36"
20.17.162.191 - - [13/May/2026:07:07:17 +0000] "GET /wp-admin/user/ HTTP/1.1" 500 - "binance.com" "Mozilla/5.0 (Windows NT 10.0; Win64; x64) AppleWebKit/537.36 (KHTML, like Gecko) Chrome/90.0.4430.85 Safari/537.36"
20.17.162.191 - - [13/May/2026:07:07:22 +0000] "GET /wp-admin/css/ HTTP/1.1" 200 19576 "binance.com" "Mozilla/5.0 (Windows NT 10.0; Win64; x64) AppleWebKit/537.36 (KHTML, like Gecko) Chrome/90.0.4430.85 Safari/537.36"
20.17.162.191 - - [13/May/2026:07:07:26 +0000] "GET /wp-admin/css/colors/ HTTP/1.1" 200 2620 "binance.com" "Mozilla/5.0 (Windows NT 10.0; Win64; x64) AppleWebKit/537.36 (KHTML, like Gecko) Chrome/90.0.4430.85 Safari/537.36"
20.17.162.191 - - [13/May/2026:07:07:40 +0000] "GET /wp-admin/css/colors/blue/ HTTP/1.1" 200 1773 "binance.com" "Mozilla/5.0 (Windows NT 10.0; Win64; x64) AppleWebKit/537.36 (KHTML, like Gecko) Chrome/90.0.4430.85 Safari/537.36"
20.17.162.191 - - [13/May/2026:07:07:49 +0000] "GET /wp-admin/css/colors/coffee/ HTTP/1.1" 200 1604 "binance.com" "Mozilla/5.0 (Windows NT 10.0; Win64; x64) AppleWebKit/537.36 (KHTML, like Gecko) Chrome/90.0.4430.85 Safari/537.36"
20.17.162.191 - - [13/May/2026:07:08:11 +0000] "GET /wp-admin/css/colors/ectoplasm/ HTTP/1.1" 200 1610 "binance.com" "Mozilla/5.0 (Windows NT 10.0; Win64; x64) AppleWebKit/537.36 (KHTML, like Gecko) Chrome/90.0.4430.85 Safari/537.36"
20.17.162.191 - - [13/May/2026:07:08:15 +0000] "GET /wp-admin/css/colors/light/ HTTP/1.1" 200 1602 "binance.com" "Mozilla/5.0 (Windows NT 10.0; Win64; x64) AppleWebKit/537.36 (KHTML, like Gecko) Chrome/90.0.4430.85 Safari/537.36"
20.17.162.191 - - [13/May/2026:07:08:19 +0000] "GET /wp-admin/css/colors/midnight/ HTTP/1.1" 200 1608 "binance.com" "Mozilla/5.0 (Windows NT 10.0; Win64; x64) AppleWebKit/537.36 (KHTML, like Gecko) Chrome/90.0.4430.85 Safari/537.36"
20.17.162.191 - - [13/May/2026:07:08:22 +0000] "GET /wp-admin/css/colors/modern/ HTTP/1.1" 200 1779 "binance.com" "Mozilla/5.0 (Windows NT 10.0; Win64; x64) AppleWebKit/537.36 (KHTML, like Gecko) Chrome/90.0.4430.85 Safari/537.36"
20.17.162.191 - - [13/May/2026:07:08:25 +0000] "GET /wp-admin/css/colors/ocean/ HTTP/1.1" 200 1602 "binance.com" "Mozilla/5.0 (Windows NT 10.0; Win64; x64) AppleWebKit/537.36 (KHTML, like Gecko) Chrome/90.0.4430.85 Safari/537.36"
20.17.162.191 - - [13/May/2026:07:08:28 +0000] "GET /wp-admin/css/colors/sunrise/%20 HTTP/1.1" 200 - "binance.com" "Mozilla/5.0 (Windows NT 10.0; Win64; x64) AppleWebKit/537.36 (KHTML, like Gecko) Chrome/90.0.4430.85 Safari/537.36"
20.17.162.191 - - [13/May/2026:07:08:36 +0000] "GET /wp-admin/images/ HTTP/1.1" 200 15127 "binance.com" "Mozilla/5.0 (Windows NT 10.0; Win64; x64) AppleWebKit/537.36 (KHTML, like Gecko) Chrome/90.0.4430.85 Safari/537.36"
20.17.162.191 - - [13/May/2026:07:08:42 +0000] "GET /wp-admin/js/ HTTP/1.1" 200 18889 "binance.com" "Mozilla/5.0 (Windows NT 10.0; Win64; x64) AppleWebKit/537.36 (KHTML, like Gecko) Chrome/90.0.4430.85 Safari/537.36"
20.17.162.191 - - [13/May/2026:07:08:46 +0000] "GET /wp-admin/js/widgets/ HTTP/1.1" 200 3348 "binance.com" "Mozilla/5.0 (Windows NT 10.0; Win64; x64) AppleWebKit/537.36 (KHTML, like Gecko) Chrome/90.0.4430.85 Safari/537.36"
20.17.162.191 - - [13/May/2026:07:09:01 +0000] "GET /wp-includes/ HTTP/1.1" 200 7221 "binance.com" "Mozilla/5.0 (Windows NT 10.0; Win64; x64) AppleWebKit/537.36 (KHTML, like Gecko) Chrome/90.0.4430.85 Safari/537.36"
51.195.183.164 - - [13/May/2026:07:09:06 +0000] "GET /?sitemap597.xml HTTP/1.1" 200 1 "-" "Mozilla/5.0 (compatible; AhrefsBot/7.0; +http://ahrefs.com/robot/)"
20.17.162.191 - - [13/May/2026:07:09:09 +0000] "GET /wp-includes/ HTTP/1.1" 200 7221 "binance.com" "Mozilla/5.0 (Windows NT 10.0; Win64; x64) AppleWebKit/537.36 (KHTML, like Gecko) Chrome/90.0.4430.85 Safari/537.36"
20.17.162.191 - - [13/May/2026:07:09:14 +0000] "GET /wp-includes/ID3/ HTTP/1.1" 200 1024 "binance.com" "Mozilla/5.0 (Windows NT 10.0; Win64; x64) AppleWebKit/537.36 (KHTML, like Gecko) Chrome/90.0.4430.85 Safari/537.36"
20.17.162.191 - - [13/May/2026:07:09:18 +0000] "GET /wp-includes/IXR/ HTTP/1.1" 200 667 "binance.com" "Mozilla/5.0 (Windows NT 10.0; Win64; x64) AppleWebKit/537.36 (KHTML, like Gecko) Chrome/90.0.4430.85 Safari/537.36"
20.17.162.191 - - [13/May/2026:07:09:22 +0000] "GET /wp-includes/PHPMailer/ HTTP/1.1" 200 679 "binance.com" "Mozilla/5.0 (Windows NT 10.0; Win64; x64) AppleWebKit/537.36 (KHTML, like Gecko) Chrome/90.0.4430.85 Safari/537.36"
20.17.162.191 - - [13/May/2026:07:09:27 +0000] "GET /wp-includes/Text/ HTTP/1.1" 200 842 "binance.com" "Mozilla/5.0 (Windows NT 10.0; Win64; x64) AppleWebKit/537.36 (KHTML, like Gecko) Chrome/90.0.4430.85 Safari/537.36"
20.17.162.191 - - [13/May/2026:07:09:30 +0000] "GET /wp-includes/Text/Diff/ HTTP/1.1" 200 1036 "binance.com" "Mozilla/5.0 (Windows NT 10.0; Win64; x64) AppleWebKit/537.36 (KHTML, like Gecko) Chrome/90.0.4430.85 Safari/537.36"
20.17.162.191 - - [13/May/2026:07:09:33 +0000] "GET /wp-includes/Text/Diff/Engine/ HTTP/1.1" 200 703 "binance.com" "Mozilla/5.0 (Windows NT 10.0; Win64; x64) AppleWebKit/537.36 (KHTML, like Gecko) Chrome/90.0.4430.85 Safari/537.36"
20.17.162.191 - - [13/May/2026:07:09:37 +0000] "GET /wp-includes/Text/Diff/Renderer/ HTTP/1.1" 200 707 "binance.com" "Mozilla/5.0 (Windows NT 10.0; Win64; x64) AppleWebKit/537.36 (KHTML, like Gecko) Chrome/90.0.4430.85 Safari/537.36"
20.17.162.191 - - [13/May/2026:07:09:41 +0000] "GET /wp-includes/blocks/ HTTP/1.1" 200 2 "binance.com" "Mozilla/5.0 (Windows NT 10.0; Win64; x64) AppleWebKit/537.36 (KHTML, like Gecko) Chrome/90.0.4430.85 Safari/537.36"
20.17.162.191 - - [13/May/2026:07:09:45 +0000] "GET /wp-includes/pomo/ HTTP/1.1" 200 669 "binance.com" "Mozilla/5.0 (Windows NT 10.0; Win64; x64) AppleWebKit/537.36 (KHTML, like Gecko) Chrome/90.0.4430.85 Safari/537.36"
20.17.162.191 - - [13/May/2026:07:09:51 +0000] "GET /wp-includes/sitemaps/ HTTP/1.1" 200 855 "binance.com" "Mozilla/5.0 (Windows NT 10.0; Win64; x64) AppleWebKit/537.36 (KHTML, like Gecko) Chrome/90.0.4430.85 Safari/537.36"
20.17.162.191 - - [13/May/2026:07:09:55 +0000] "GET /wp-includes/sitemaps/providers/ HTTP/1.1" 200 706 "binance.com" "Mozilla/5.0 (Windows NT 10.0; Win64; x64) AppleWebKit/537.36 (KHTML, like Gecko) Chrome/90.0.4430.85 Safari/537.36"
20.17.162.191 - - [13/May/2026:07:09:59 +0000] "GET /wp-includes/widgets/ HTTP/1.1" 200 675 "binance.com" "Mozilla/5.0 (Windows NT 10.0; Win64; x64) AppleWebKit/537.36 (KHTML, like Gecko) Chrome/90.0.4430.85 Safari/537.36"
20.17.162.191 - - [13/May/2026:07:10:01 +0000] "GET /wp-includes/css/ HTTP/1.1" 200 8770 "binance.com" "Mozilla/5.0 (Windows NT 10.0; Win64; x64) AppleWebKit/537.36 (KHTML, like Gecko) Chrome/90.0.4430.85 Safari/537.36"
20.17.162.191 - - [13/May/2026:07:10:04 +0000] "GET /wp-includes/css/dist/ HTTP/1.1" 200 4100 "binance.com" "Mozilla/5.0 (Windows NT 10.0; Win64; x64) AppleWebKit/537.36 (KHTML, like Gecko) Chrome/90.0.4430.85 Safari/537.36"
20.17.162.191 - - [13/May/2026:07:10:10 +0000] "GET /wp-includes/fonts/ HTTP/1.1" 200 1579 "binance.com" "Mozilla/5.0 (Windows NT 10.0; Win64; x64) AppleWebKit/537.36 (KHTML, like Gecko) Chrome/90.0.4430.85 Safari/537.36"
20.17.162.191 - - [13/May/2026:07:10:26 +0000] "GET /wp-includes/images/ HTTP/1.1" 200 5803 "binance.com" "Mozilla/5.0 (Windows NT 10.0; Win64; x64) AppleWebKit/537.36 (KHTML, like Gecko) Chrome/90.0.4430.85 Safari/537.36"
20.17.162.191 - - [13/May/2026:07:10:36 +0000] "GET /wp-includes/images/crystal/ HTTP/1.1" 200 2485 "binance.com" "Mozilla/5.0 (Windows NT 10.0; Win64; x64) AppleWebKit/537.36 (KHTML, like Gecko) Chrome/90.0.4430.85 Safari/537.36"
20.17.162.191 - - [13/May/2026:07:10:40 +0000] "GET /wp-includes/images/media/ HTTP/1.1" 200 3912 "binance.com" "Mozilla/5.0 (Windows NT 10.0; Win64; x64) AppleWebKit/537.36 (KHTML, like Gecko) Chrome/90.0.4430.85 Safari/537.36"
20.17.162.191 - - [13/May/2026:07:10:43 +0000] "GET /wp-includes/images/smilies/ HTTP/1.1" 200 5432 "binance.com" "Mozilla/5.0 (Windows NT 10.0; Win64; x64) AppleWebKit/537.36 (KHTML, like Gecko) Chrome/90.0.4430.85 Safari/537.36"
20.17.162.191 - - [13/May/2026:07:10:47 +0000] "GET /wp-includes/images/wlw/ HTTP/1.1" 200 - "binance.com" "Mozilla/5.0 (Windows NT 10.0; Win64; x64) AppleWebKit/537.36 (KHTML, like Gecko) Chrome/90.0.4430.85 Safari/537.36"
20.17.162.191 - - [13/May/2026:07:10:49 +0000] "GET /wp-includes/js/%20 HTTP/1.1" 200 - "binance.com" "Mozilla/5.0 (Windows NT 10.0; Win64; x64) AppleWebKit/537.36 (KHTML, like Gecko) Chrome/90.0.4430.85 Safari/537.36"
20.17.162.191 - - [13/May/2026:07:10:53 +0000] "GET /wp-includes/js/codemirror/ HTTP/1.1" 200 2140 "binance.com" "Mozilla/5.0 (Windows NT 10.0; Win64; x64) AppleWebKit/537.36 (KHTML, like Gecko) Chrome/90.0.4430.85 Safari/537.36"
20.17.162.191 - - [13/May/2026:07:10:58 +0000] "GET /wp-includes/js/plupload/ HTTP/1.1" 200 2313 "binance.com" "Mozilla/5.0 (Windows NT 10.0; Win64; x64) AppleWebKit/537.36 (KHTML, like Gecko) Chrome/90.0.4430.85 Safari/537.36"
204.12.208.18 - - [13/May/2026:07:11:04 +0000] "GET /wp-content/qqec36f7/edit.php HTTP/1.1" 200 - "http://dca-ksa.com/wp-content/qqec36f7/edit.php" "Mozilla/5.0 (compatible; MSIE 10.0; Windows NT 6.2; Win64; x64; Trident/6.0)"
20.17.162.191 - - [13/May/2026:07:11:04 +0000] "GET /.well-known/ HTTP/1.1" 403 - "binance.com" "Mozilla/5.0 (Windows NT 10.0; Win64; x64) AppleWebKit/537.36 (KHTML, like Gecko) Chrome/90.0.4430.85 Safari/537.36"
57.141.20.45 - - [13/May/2026:07:18:07 +0000] "GET /wp-sitemap-posts-slider-1.xml HTTP/1.1" 200 1 "-" "meta-externalagent/1.1 (+https://developers.facebook.com/docs/sharing/webmasters/crawler)"
57.141.20.13 - - [13/May/2026:07:22:45 +0000] "GET /wp-sitemap-posts-kc-section-1.xml HTTP/1.1" 200 1 "-" "meta-externalagent/1.1 (+https://developers.facebook.com/docs/sharing/webmasters/crawler)"
69.4.92.228 - - [13/May/2026:07:28:35 +0000] "GET / HTTP/1.1" 200 - "-" "Mozilla/5.0 (Macintosh; Intel Mac OS X 10.15; rv:148.0) Gecko/20100101 Firefox/148.0"
69.4.92.228 - - [13/May/2026:07:28:48 +0000] "GET / HTTP/1.1" 200 - "-" "Mozilla/5.0 (Macintosh; Intel Mac OS X 10.15; rv:148.0) Gecko/20100101 Firefox/148.0"
69.4.92.228 - - [13/May/2026:07:28:56 +0000] "GET / HTTP/1.1" 200 - "-" "Mozilla/5.0 (Macintosh; Intel Mac OS X 10.15; rv:148.0) Gecko/20100101 Firefox/148.0"
216.244.66.240 - - [13/May/2026:07:38:21 +0000] "GET /robots.txt HTTP/1.1" 200 339 "-" "Mozilla/5.0 (compatible; DotBot/1.2; +https://opensiteexplorer.org/dotbot; help@moz.com)"
144.76.32.120 - - [13/May/2026:07:42:03 +0000] "GET /buy.php?shopbrand/shine/022010510.htm HTTP/1.1" 200 156025 "-" "Mozilla/5.0 (compatible; SERankingBacklinksBot/1.0; +https://seranking.com/backlinks-crawler)"
172.86.113.253 - - [13/May/2026:07:42:11 +0000] "HEAD /Archive.zip HTTP/1.1" 200 - "-" "python-requests/2.27.1"
144.76.32.120 - - [13/May/2026:07:42:26 +0000] "GET /buy.php?shopbrand/shock/003038627.htm HTTP/1.1" 200 159292 "-" "Mozilla/5.0 (compatible; SERankingBacklinksBot/1.0; +https://seranking.com/backlinks-crawler)"
144.76.32.120 - - [13/May/2026:07:42:48 +0000] "GET /buy.php?shopbrand/shout/074005842.htm HTTP/1.1" 200 165121 "-" "Mozilla/5.0 (compatible; SERankingBacklinksBot/1.0; +https://seranking.com/backlinks-crawler)"
204.12.208.18 - - [13/May/2026:07:42:56 +0000] "GET /wp-content/qqec36f7/edit.php HTTP/1.1" 200 - "http://dca-ksa.com/wp-content/qqec36f7/edit.php" "Mozilla/5.0 (Macintosh; Intel Mac OS X 10_6_8) AppleWebKit/535.1 (KHTML, like Gecko) Chrome/14.0.835.202 Safari/535.1"
144.76.32.120 - - [13/May/2026:07:43:10 +0000] "GET /buy.php?shopbrand/shrug/221044189.htm HTTP/1.1" 200 153831 "-" "Mozilla/5.0 (compatible; SERankingBacklinksBot/1.0; +https://seranking.com/backlinks-crawler)"
144.76.32.120 - - [13/May/2026:07:43:30 +0000] "GET /buy.php?shopbrand/silly/042045844.htm HTTP/1.1" 200 158367 "-" "Mozilla/5.0 (compatible; SERankingBacklinksBot/1.0; +https://seranking.com/backlinks-crawler)"
144.76.32.120 - - [13/May/2026:07:43:51 +0000] "GET /buy.php?shopbrand/skirt/273000941.htm HTTP/1.1" 200 163034 "-" "Mozilla/5.0 (compatible; SERankingBacklinksBot/1.0; +https://seranking.com/backlinks-crawler)"
144.76.32.120 - - [13/May/2026:07:44:12 +0000] "GET /buy.php?shopbrand/slave/051036557.htm HTTP/1.1" 200 166245 "-" "Mozilla/5.0 (compatible; SERankingBacklinksBot/1.0; +https://seranking.com/backlinks-crawler)"
144.76.32.120 - - [13/May/2026:07:44:34 +0000] "GET /buy.php?shopbrand/sleep/130028828.htm HTTP/1.1" 200 154534 "-" "Mozilla/5.0 (compatible; SERankingBacklinksBot/1.0; +https://seranking.com/backlinks-crawler)"
144.76.32.120 - - [13/May/2026:07:44:55 +0000] "GET /buy.php?shopbrand/slide/052037344.htm HTTP/1.1" 200 159573 "-" "Mozilla/5.0 (compatible; SERankingBacklinksBot/1.0; +https://seranking.com/backlinks-crawler)"
144.76.32.120 - - [13/May/2026:07:45:15 +0000] "GET /buy.php?shopbrand/space/098033892.htm HTTP/1.1" 200 138587 "-" "Mozilla/5.0 (compatible; SERankingBacklinksBot/1.0; +https://seranking.com/backlinks-crawler)"
144.76.32.120 - - [13/May/2026:07:45:35 +0000] "GET /buy.php?shopbrand/spill/165049843.htm HTTP/1.1" 200 162650 "-" "Mozilla/5.0 (compatible; SERankingBacklinksBot/1.0; +https://seranking.com/backlinks-crawler)"
144.76.32.120 - - [13/May/2026:07:45:58 +0000] "GET /buy.php?shopbrand/spine/155040489.htm HTTP/1.1" 200 151570 "-" "Mozilla/5.0 (compatible; SERankingBacklinksBot/1.0; +https://seranking.com/backlinks-crawler)"
144.76.32.120 - - [13/May/2026:07:46:19 +0000] "GET /buy.php?shopbrand/split/099006661.htm HTTP/1.1" 200 169869 "-" "Mozilla/5.0 (compatible; SERankingBacklinksBot/1.0; +https://seranking.com/backlinks-crawler)"
144.76.32.120 - - [13/May/2026:07:46:40 +0000] "GET /buy.php?shopbrand/sport/277033457.htm HTTP/1.1" 200 156859 "-" "Mozilla/5.0 (compatible; SERankingBacklinksBot/1.0; +https://seranking.com/backlinks-crawler)"
144.76.32.120 - - [13/May/2026:07:47:04 +0000] "GET /buy.php?shopbrand/staff/175047195.htm HTTP/1.1" 200 155459 "-" "Mozilla/5.0 (compatible; SERankingBacklinksBot/1.0; +https://seranking.com/backlinks-crawler)"
144.76.32.120 - - [13/May/2026:07:47:26 +0000] "GET /buy.php?shopbrand/stair/254013108.htm HTTP/1.1" 200 157635 "-" "Mozilla/5.0 (compatible; SERankingBacklinksBot/1.0; +https://seranking.com/backlinks-crawler)"
144.76.32.120 - - [13/May/2026:07:47:48 +0000] "GET /buy.php?shopbrand/start/069000587.htm HTTP/1.1" 200 157956 "-" "Mozilla/5.0 (compatible; SERankingBacklinksBot/1.0; +https://seranking.com/backlinks-crawler)"
144.76.32.120 - - [13/May/2026:07:48:09 +0000] "GET /buy.php?shopbrand/state/278011970.htm HTTP/1.1" 200 165940 "-" "Mozilla/5.0 (compatible; SERankingBacklinksBot/1.0; +https://seranking.com/backlinks-crawler)"
144.76.32.120 - - [13/May/2026:07:48:29 +0000] "GET /buy.php?shopbrand/steer/215009339.htm HTTP/1.1" 200 152773 "-" "Mozilla/5.0 (compatible; SERankingBacklinksBot/1.0; +https://seranking.com/backlinks-crawler)"
144.76.32.120 - - [13/May/2026:07:48:49 +0000] "GET /buy.php?shopbrand/stick/164012248.htm HTTP/1.1" 200 159483 "-" "Mozilla/5.0 (compatible; SERankingBacklinksBot/1.0; +https://seranking.com/backlinks-crawler)"
144.76.32.120 - - [13/May/2026:07:49:10 +0000] "GET /buy.php?shopbrand/stock/281009235.htm HTTP/1.1" 200 157173 "-" "Mozilla/5.0 (compatible; SERankingBacklinksBot/1.0; +https://seranking.com/backlinks-crawler)"
144.76.32.120 - - [13/May/2026:07:49:30 +0000] "GET /buy.php?shopbrand/store/087023607.htm HTTP/1.1" 200 156470 "-" "Mozilla/5.0 (compatible; SERankingBacklinksBot/1.0; +https://seranking.com/backlinks-crawler)"
144.76.32.120 - - [13/May/2026:07:49:53 +0000] "GET /buy.php?shopbrand/sweat/091015847.htm HTTP/1.1" 200 154930 "-" "Mozilla/5.0 (compatible; SERankingBacklinksBot/1.0; +https://seranking.com/backlinks-crawler)"
144.76.32.120 - - [13/May/2026:07:50:13 +0000] "GET /buy.php?shopbrand/sword/247044207.htm HTTP/1.1" 200 154985 "-" "Mozilla/5.0 (compatible; SERankingBacklinksBot/1.0; +https://seranking.com/backlinks-crawler)"
144.76.32.120 - - [13/May/2026:07:50:33 +0000] "GET /buy.php?shopbrand/teach/072045014.htm HTTP/1.1" 200 157007 "-" "Mozilla/5.0 (compatible; SERankingBacklinksBot/1.0; +https://seranking.com/backlinks-crawler)"
144.76.32.120 - - [13/May/2026:07:50:54 +0000] "GET /buy.php?shopbrand/teach/224045092.htm HTTP/1.1" 200 160478 "-" "Mozilla/5.0 (compatible; SERankingBacklinksBot/1.0; +https://seranking.com/backlinks-crawler)"
144.76.32.120 - - [13/May/2026:07:51:18 +0000] "GET /buy.php?shopbrand/there/025027105.htm HTTP/1.1" 200 135750 "-" "Mozilla/5.0 (compatible; SERankingBacklinksBot/1.0; +https://seranking.com/backlinks-crawler)"
144.76.32.120 - - [13/May/2026:07:51:38 +0000] "GET /buy.php?shopbrand/undergraduate/199032583.htm HTTP/1.1" 200 137831 "-" "Mozilla/5.0 (compatible; SERankingBacklinksBot/1.0; +https://seranking.com/backlinks-crawler)"
144.76.32.120 - - [13/May/2026:07:51:59 +0000] "GET /buy.php?shopbrand/sheer/043003469.htm HTTP/1.1" 200 166114 "-" "Mozilla/5.0 (compatible; SERankingBacklinksBot/1.0; +https://seranking.com/backlinks-crawler)"
144.76.32.120 - - [13/May/2026:07:52:21 +0000] "GET /buy.php?shopbrand/think/206002210.htm HTTP/1.1" 200 165989 "-" "Mozilla/5.0 (compatible; SERankingBacklinksBot/1.0; +https://seranking.com/backlinks-crawler)"
144.76.32.120 - - [13/May/2026:07:52:43 +0000] "GET /buy.php?shopbrand/third/072010024.htm HTTP/1.1" 200 164469 "-" "Mozilla/5.0 (compatible; SERankingBacklinksBot/1.0; +https://seranking.com/backlinks-crawler)"
144.76.32.120 - - [13/May/2026:07:53:03 +0000] "GET /buy.php?shopbrand/throw/249014009.htm HTTP/1.1" 200 165973 "-" "Mozilla/5.0 (compatible; SERankingBacklinksBot/1.0; +https://seranking.com/backlinks-crawler)"
144.76.32.120 - - [13/May/2026:07:53:27 +0000] "GET /buy.php?shopbrand/tight/129002769.htm HTTP/1.1" 200 162192 "-" "Mozilla/5.0 (compatible; SERankingBacklinksBot/1.0; +https://seranking.com/backlinks-crawler)"
144.76.32.120 - - [13/May/2026:07:53:47 +0000] "GET /buy.php?shopbrand/total/049038847.htm HTTP/1.1" 200 155767 "-" "Mozilla/5.0 (compatible; SERankingBacklinksBot/1.0; +https://seranking.com/backlinks-crawler)"
144.76.32.120 - - [13/May/2026:07:54:08 +0000] "GET /buy.php?shopbrand/total/266019438.htm HTTP/1.1" 200 158375 "-" "Mozilla/5.0 (compatible; SERankingBacklinksBot/1.0; +https://seranking.com/backlinks-crawler)"
144.76.32.120 - - [13/May/2026:07:54:31 +0000] "GET /buy.php?shopbrand/touch/027026299.htm HTTP/1.1" 200 159297 "-" "Mozilla/5.0 (compatible; SERankingBacklinksBot/1.0; +https://seranking.com/backlinks-crawler)"
144.76.32.120 - - [13/May/2026:07:54:52 +0000] "GET /buy.php?shopbrand/touch/158037048.htm HTTP/1.1" 200 153906 "-" "Mozilla/5.0 (compatible; SERankingBacklinksBot/1.0; +https://seranking.com/backlinks-crawler)"
144.76.32.120 - - [13/May/2026:07:55:14 +0000] "GET /buy.php?shopbrand/tough/019048121.htm HTTP/1.1" 200 154152 "-" "Mozilla/5.0 (compatible; SERankingBacklinksBot/1.0; +https://seranking.com/backlinks-crawler)"
144.76.32.120 - - [13/May/2026:07:55:34 +0000] "GET /buy.php?shopbrand/towel/117026693.htm HTTP/1.1" 200 148908 "-" "Mozilla/5.0 (compatible; SERankingBacklinksBot/1.0; +https://seranking.com/backlinks-crawler)"
144.76.32.120 - - [13/May/2026:07:55:57 +0000] "GET /buy.php?shopbrand/trace/279046579.htm HTTP/1.1" 200 140045 "-" "Mozilla/5.0 (compatible; SERankingBacklinksBot/1.0; +https://seranking.com/backlinks-crawler)"
216.244.66.240 - - [13/May/2026:07:56:14 +0000] "GET /pcmypage?callback=product/review/YCTQ33434389 HTTP/1.1" 200 - "-" "Mozilla/5.0 (compatible; DotBot/1.2; +https://opensiteexplorer.org/dotbot; help@moz.com)"
144.76.32.120 - - [13/May/2026:07:56:18 +0000] "GET /buy.php?shopbrand/treat/136010050.htm HTTP/1.1" 200 136285 "-" "Mozilla/5.0 (compatible; SERankingBacklinksBot/1.0; +https://seranking.com/backlinks-crawler)"
144.76.32.120 - - [13/May/2026:07:56:38 +0000] "GET /buy.php?shopbrand/treat/142026978.htm HTTP/1.1" 200 162130 "-" "Mozilla/5.0 (compatible; SERankingBacklinksBot/1.0; +https://seranking.com/backlinks-crawler)"
144.76.32.120 - - [13/May/2026:07:57:03 +0000] "GET /buy.php?shopbrand/truck/254014062.htm HTTP/1.1" 200 162398 "-" "Mozilla/5.0 (compatible; SERankingBacklinksBot/1.0; +https://seranking.com/backlinks-crawler)"
144.76.32.120 - - [13/May/2026:07:57:23 +0000] "GET /buy.php?shopbrand/trust/182049750.htm HTTP/1.1" 200 166209 "-" "Mozilla/5.0 (compatible; SERankingBacklinksBot/1.0; +https://seranking.com/backlinks-crawler)"
144.76.32.120 - - [13/May/2026:07:57:45 +0000] "GET /buy.php?shopbrand/truth/217010063.htm HTTP/1.1" 200 151856 "-" "Mozilla/5.0 (compatible; SERankingBacklinksBot/1.0; +https://seranking.com/backlinks-crawler)"
144.76.32.120 - - [13/May/2026:07:58:07 +0000] "GET /buy.php?shopbrand/valid/059025409.htm HTTP/1.1" 200 132672 "-" "Mozilla/5.0 (compatible; SERankingBacklinksBot/1.0; +https://seranking.com/backlinks-crawler)"
144.76.32.120 - - [13/May/2026:07:58:30 +0000] "GET /buy.php?shopbrand/value/154001680.htm HTTP/1.1" 200 157589 "-" "Mozilla/5.0 (compatible; SERankingBacklinksBot/1.0; +https://seranking.com/backlinks-crawler)"
144.76.32.120 - - [13/May/2026:07:58:50 +0000] "GET /buy.php?shopbrand/visit/101037947.htm HTTP/1.1" 200 158554 "-" "Mozilla/5.0 (compatible; SERankingBacklinksBot/1.0; +https://seranking.com/backlinks-crawler)"
144.76.32.120 - - [13/May/2026:07:59:12 +0000] "GET /buy.php?shopbrand/voice/109002751.htm HTTP/1.1" 200 156580 "-" "Mozilla/5.0 (compatible; SERankingBacklinksBot/1.0; +https://seranking.com/backlinks-crawler)"
144.76.32.120 - - [13/May/2026:07:59:33 +0000] "GET /buy.php?shopbrand/voter/023029235.htm HTTP/1.1" 200 153837 "-" "Mozilla/5.0 (compatible; SERankingBacklinksBot/1.0; +https://seranking.com/backlinks-crawler)"
54.37.183.147 - - [13/May/2026:07:59:51 +0000] "GET / HTTP/1.1" 200 - "-" "Mozilla/5.0 (X11; Linux x86_64) AppleWebKit/537.36 (KHTML, like Gecko) HeadlessChrome/145.0.7632.6 Safari/537.36"
144.76.32.120 - - [13/May/2026:07:59:53 +0000] "GET /buy.php?shopbrand/voter/029003251.htm HTTP/1.1" 200 164567 "-" "Mozilla/5.0 (compatible; SERankingBacklinksBot/1.0; +https://seranking.com/backlinks-crawler)"
144.76.32.120 - - [13/May/2026:08:00:15 +0000] "GET /buy.php?shopbrand/waist/156035478.htm HTTP/1.1" 200 163457 "-" "Mozilla/5.0 (compatible; SERankingBacklinksBot/1.0; +https://seranking.com/backlinks-crawler)"
144.76.32.120 - - [13/May/2026:08:00:40 +0000] "GET /buy.php?shopbrand/watch/087010719.htm HTTP/1.1" 200 159034 "-" "Mozilla/5.0 (compatible; SERankingBacklinksBot/1.0; +https://seranking.com/backlinks-crawler)"
144.76.32.120 - - [13/May/2026:08:01:05 +0000] "GET /buy.php?shopbrand/water/258028040.htm HTTP/1.1" 200 154039 "-" "Mozilla/5.0 (compatible; SERankingBacklinksBot/1.0; +https://seranking.com/backlinks-crawler)"
144.76.32.120 - - [13/May/2026:08:01:29 +0000] "GET /buy.php?shopbrand/weird/282021052.htm HTTP/1.1" 200 158707 "-" "Mozilla/5.0 (compatible; SERankingBacklinksBot/1.0; +https://seranking.com/backlinks-crawler)"
144.76.32.120 - - [13/May/2026:08:01:52 +0000] "GET /buy.php?shopbrand/where/199018463.htm HTTP/1.1" 200 163107 "-" "Mozilla/5.0 (compatible; SERankingBacklinksBot/1.0; +https://seranking.com/backlinks-crawler)"
144.76.32.120 - - [13/May/2026:08:02:15 +0000] "GET /buy.php?shopbrand/which/066037438.htm HTTP/1.1" 200 136651 "-" "Mozilla/5.0 (compatible; SERankingBacklinksBot/1.0; +https://seranking.com/backlinks-crawler)"
144.76.32.120 - - [13/May/2026:08:02:36 +0000] "GET /buy.php?shopbrand/accomplishment/127006839.htm HTTP/1.1" 200 154806 "-" "Mozilla/5.0 (compatible; SERankingBacklinksBot/1.0; +https://seranking.com/backlinks-crawler)"
144.76.32.120 - - [13/May/2026:08:03:01 +0000] "GET /buy.php?shopbrand/which/130025770.htm HTTP/1.1" 200 165552 "-" "Mozilla/5.0 (compatible; SERankingBacklinksBot/1.0; +https://seranking.com/backlinks-crawler)"
